e
Is 6036791599 a composite number?
False
Is 398934001 a prime number?
False
Is 52876318331 a composite number?
False
Is 6132951859 prime?
True
Is 56592289759 a composite number?
True
Is 5299249309 composite?
False
Is 2473251697 prime?
False
Is 9296746223 prime?
False
Is 2353931419 a composite number?
True
Is 773833639 composite?
False
Is 2595241109 composite?
True
Is 2184882215 prime?
False
Is 236875979 a prime number?
False
Is 767808119 a prime number?
False
Is 34520116549 prime?
False
Is 5676496799 a prime number?
True
Is 436053089 a prime number?
True
Is 167098992617 composite?
False
Is 18342858889 a prime number?
True
Is 7802137429 a prime number?
True
Is 125945291 composite?
False
Is 1324161667 prime?
False
Is 491812237 a prime number?
False
Is 13556297 composite?
False
Is 557249365 a composite number?
True
Is 1308709663 a composite number?
False
Is 420560069 a composite number?
False
Is 1000183957 composite?
True
Is 2182217833 a composite number?
False
Is 13181306597 a prime number?
False
Is 3917596549 composite?
True
Is 3614588465 composite?
True
Is 3527420443 a composite number?
True
Is 489716063 a prime number?
True
Is 171685271 a prime number?
False
Is 710865629 composite?
False
Is 579004939 a prime number?
False
Is 127662846341 composite?
True
Is 373430401 a composite number?
False
Is 138496583911 composite?
True
Is 1807318751 prime?
False
Is 14864210597 a composite number?
False
Is 82230929267 a composite number?
False
Is 1487170771 a prime number?
False
Is 297792401 prime?
False
Is 38674690034 prime?
False
Is 119607539 composite?
False
Is 4650867433 a composite number?
True
Is 1246815337 a prime number?
True
Is 16758844589 a composite number?
True
Is 45129523481 a prime number?
False
Is 8082529373 prime?
False
Is 1703851861 prime?
False
Is 1925602093 a prime number?
True
Is 276108647 a composite number?
False
Is 875795287 a prime number?
False
Is 5200873169 a composite number?
True
Is 39335478733 a composite number?
True
Is 79044206737 prime?
True
Is 1070530207 prime?
False
Is 2869933229 prime?
False
Is 2018379695 a composite number?
True
Is 56949987841 composite?
False
Is 1348067533 a prime number?
False
Is 4915304939 a prime number?
True
Is 13329445355 a composite number?
True
Is 88929801601 a prime number?
True
Is 117868133 a prime number?
True
Is 67423483531 a composite number?
False
Is 909446353 composite?
True
Is 34736176457 a composite number?
True
Is 316003071 prime?
False
Is 13262107 a prime number?
True
Is 402091127 composite?
True
Is 404087809 prime?
False
Is 1077711241 composite?
True
Is 237435397481 a prime number?
True
Is 43080074773 a prime number?
True
Is 5816414873 a prime number?
True
Is 11523358991 a composite number?
False
Is 2487719443 composite?
True
Is 563025269 composite?
False
Is 5086589869 prime?
True
Is 18713059503 composite?
True
Is 1323663689 composite?
False
Is 45974776609 composite?
False
Is 8453606587 a composite number?
False
Is 78474480119 a prime number?
False
Is 2844638759 a prime number?
True
Is 19926760081 composite?
False
Is 84137041 a prime number?
True
Is 2687772209 composite?
False
Is 1470530703 composite?
True
Is 271550777 composite?
False
Is 774599503 prime?
False
Is 986381615 a prime number?
False
Is 89176747291 a prime number?
True
Is 287190001 composite?
True
Is 482550943 a prime number?
False
Is 1108842661 a prime number?
False
Is 212421323 a composite number?
False
Is 502257643 prime?
True
Is 44068669 a composite number?
True
Is 742363861 prime?
True
Is 1039465781 a prime number?
True
Is 34097367685 prime?
False
Is 471281903 composite?
True
Is 17069727937 a prime number?
False
Is 94389945521 composite?
False
Is 8739154729 prime?
True
Is 125970961433 prime?
False
Is 36478594459 a composite number?
False
Is 2998251519 prime?
False
Is 7433689987 a prime number?
True
Is 1080321119 a prime number?
True
Is 539544683 composite?
True
Is 1055060689 a composite number?
False
Is 3411720589 composite?
True
Is 9674472209 prime?
True
Is 636047999 a prime number?
False
Is 486238691 prime?
False
Is 132297229871 a composite number?
True
Is 76922723 composite?
False
Is 29191889 prime?
True
Is 648799439 a composite number?
True
Is 4187868673 prime?
True
Is 63673271251 composite?
True
Is 5813559679 prime?
True
Is 11428713359 a prime number?
False
Is 2839064299 composite?
True
Is 40860688751 composite?
False
Is 171962893 prime?
False
Is 54415598 a prime number?
False
Is 987011777 a composite number?
False
Is 433552927 composite?
True
Is 18942015959 a composite number?
True
Is 25812316681 composite?
False
Is 231142255 prime?
False
Is 10548799823 a composite number?
True
Is 364509473 a prime number?
False
Is 4032877003 composite?
True
Is 75149436347 a composite number?
False
Is 1756280441 a prime number?
True
Is 933733013 a composite number?
False
Is 7309013 a composite number?
False
Is 8760437341 a prime number?
True
Is 652561885 prime?
False
Is 1117565447 composite?
False
Is 26445423877 composite?
False
Is 225159313 a composite number?
True
Is 9033855707 prime?
False
Is 796193881 a composite number?
True
Is 10744604513 a prime number?
True
Is 1272658861 composite?
True
Is 4615563599 a composite number?
True
Is 229741817 a composite number?
True
Is 19912022387 a composite number?
True
Is 9739640263 a prime number?
True
Is 957153097 a composite number?
False
Is 7819031237 a composite number?
False
Is 975776918141 prime?
True
Is 1059669353 composite?
False
Is 1025550787 a composite number?
False
Is 406880251 prime?
True
Is 1699536859 a prime number?
False
Is 15232336811 prime?
True
Is 2785626893 a composite number?
True
Is 336042545 prime?
False
Is 8685772055 composite?
True
Is 171806881 composite?
False
Is 200422459 prime?
True
Is 716594849 prime?
True
Is 1576845709 a composite number?
False
Is 316977238397 prime?
True
Is 7066367521 prime?
True
Is 10690476154 prime?
False
Is 23993076371 a prime number?
False
Is 2401914613 a composite number?
True
Is 8207771713 composite?
False
Is 129491339 composite?
True
Is 21244735417 a composite number?
True
Is 77163199403 prime?
True
Is 266030327 composite?
True
Is 131228641 composite?
False
Is 69777740386 a composite number?
True
Is 63729109789 a composite number?
True
Is 335713928267 a prime number?
False
Is 194007298831 composite?
False
Is 168518627 a prime number?
True
Is 2190494107 composite?
False
Is 1698850217 composite?
False
Is 4446661166 prime?
False
Is 1788067343 a composite number?
True
Is 12395666931 composite?
True
Is 16002688139 prime?
False
Is 2163306641 prime?
False
Is 747444959 a composite number?
True
Is 69044287721 composite?
False
Is 273231929 composite?
False
Is 72062392643 composite?
False
Is 11837883049 a prime number?
True
Is 267803009 composite?
False
Is 4367092669 prime?
True
Is 1964148661 a prime number?
False
Is 12129720509 a composite number?
False
Is 6442835909 a composite number?
False
Is 126442114103 prime?
True
Is 7369124287 composite?
True
Is 5838923359 a prime number?
False
Is 5108529763 composite?
False
Is 144731843 a composite number?
False
Is 9377565191 a prime number?
True
Is 2357557159 composite?
False
Is 600877814 prime?
False
Is 33903508447 composite?
True
Is 14049708151 a composite number?
False
Is 11747468137 a composite number?
False
Is 377198443 a composite number?
False
Is 16872498067 a composite number?
False
Is 62359017113 a composite number?
True
Is 227202211661 a composite number?
False
Is 10273752887 prime?
True
Is 3022905647 a composite number?
False
Is 2162783113 prime?
False
Is 232278763 a composite number?
False
Is 2305691083 prime?
True
Is 31716454663 prime?
False
Is 1097810317 composite?
True
Is 230036312687 prime?
True
Is 3024736051 prime?
False
Is 7567971809 prime?
True
Is 15818153881 composite?
True
Is 16010698007 a composite number?
False
Is 14807518853 prime?
True
Is 21958429217 a prime number?
True
Is 4120486031 prime?
False
Is 13066677287 a composite number?
False
Is 73182762689 a composite number?
True
Is 1653259009 prime?
True
Is 16157049341 a composite number?
False
Is 2629003919 a composite number?
True
Is 139863991 a composite number?
False
Is 166485217 composite?
True
Is 412659237 a prime number?
False
Is 2736257 a composite number?
False
Is 4299005311 a prime number?
True
Is 2638051649 a co